-1484*o - 144123 = -665007. Let r(m) = 13*m**2 - m - 3. Let l be r(-3). Calculate the highest common divisor of o and l.
117
Let r(v) = v**3 - 10*v**2 - 10*v + 269. Let n be r(10). Calculate the highest common divisor of n and 117.
13
Let o be ((-16)/12)/((-16)/60). Suppose o*d + 122 = 182. Calculate the highest common factor of 90 and d.
6
Let x = 10865 - 10843. Calculate the greatest common factor of 10483 and x.
11
Suppose 0 = 4*v + v - 5. Suppose 62*n + 5831 = 7629. Calculate the highest common factor of v and n.
1
Let q be 1 - (-2 - (-4 - (-38 - 0))). Suppose -21*u + q + 68 = 0. What is the greatest common divisor of u and 135?
5
Let i(s) be the second derivative of -s**5/20 - 5*s**4/12 - 11*s**3/6 - 29*s**2/2 - s + 13. Let c be i(-5). Calculate the highest common factor of 442 and c.
26
Suppose -2*q = -5*a + 2*q - 1046, 218 = -a + 3*q. Let c be (-1 + 2)*3*-37. Let x = c - a. What is the greatest common factor of 19 and x?
19
Let u(v) = -53*v + 634. Let s be u(-51). What is the highest common factor of s and 639?
71
Let d(u) = u**2 - 12*u + 481. Let f be d(37). What is the greatest common factor of f and 222?
74
Suppose 6*o + 129*o - 3*o = 2733852. What is the highest common divisor of 139 and o?
139
Let t(f) = -f**2 - 103*f - 2554. Let b be t(-54). What is the highest common factor of b and 8?
4
Let w = 660 - 656. Suppose -w*v + 5*r = -42, 18 = 2*v - 0*v - r. Let a = 13 + -5. Calculate the highest common factor of v and a.
8
Suppose 41 + 13 = 6*x. Suppose x*c = 2163 - 624. Calculate the greatest common factor of c and 36.
9
Let h be 55/(1540/(-24))*-14. Let x(w) = w**2 - 5*w + 2. Let i be x(6). Suppose i + 376 = 4*l. Calculate the greatest common divisor of h and l.
12
Let k(r) = -176*r + 1621. Let i be k(-25). Calculate the highest common factor of 54 and i.
27
Let n = 287 + -207. What is the highest common factor of n and 340?
20
Let d(h) = 13*h**2 - h - 5. Let z be d(-3). Let p = 412 - z. Let i be ((-111)/(-185))/(1/45). What is the highest common factor of p and i?
27
Let q = 61 - 59. Suppose -3*u = q*t + 46, u + 3*t - t + 10 = 0. Let s = u - -108. What is the highest common factor of 10 and s?
10
Let k(r) = -4*r**3 - r**2 + 5*r + 24. Let b be k(-3). Suppose -22*u + b = -10*u. Calculate the greatest common divisor of u and 261.
9
Let y be -9*(-7)/63*10. Calculate the greatest common factor of y and 670.
10
Let r be (0 + (120/25 - 4))*125. Let u be r*(4/10 - (-9)/15). What is the highest common factor of 40 and u?
20
Suppose 4*u + 0*j + 1906 = j, -4 = -2*j. Let k = u - -1136. Suppose 7*m = k + 1356. Calculate the highest common factor of 36 and m.
36
Let y(g) = 6*g - 9 - g + 2*g. Suppose 2 = -2*a - 5*b, -2*b - 13 = -a - b. Let i be y(a). What is the greatest common factor of 18 and i?
18
Let k(n) = 373*n**2 - 16*n + 9. Let q be k(1). Calculate the greatest common divisor of q and 6.
6
Suppose 5 = -k, 0*k = -c + 2*k + 221. Let r = c + -209. Calculate the greatest common divisor of 3 and r.
1
Let b be ((-192)/36)/((-2)/432). Calculate the greatest common divisor of 40 and b.
8
Suppose 5*i + 3*v = 34, 0 = 3*i - 0*v - v - 26. Suppose 0 = -i*u + 13*u + x - 1430, 4*x = 5*u - 1405. Calculate the highest common factor of 60 and u.
15
Suppose 22*q + 87 + 155 = 0. Let m be (-5)/((-5)/48) - (q - -8). What is the highest common divisor of 68 and m?
17
Suppose 276507 = -477*a + 610*a. Calculate the highest common factor of 66 and a.
33
Suppose 0 = -4*j + 2*p + 1998, -2*p - 3684 = -5*j - 1186. Suppose -j = -f - 3*h, 5*h = -f + 543 - 47. Calculate the highest common divisor of f and 138.
46
Let b(o) = -15*o + 6. Suppose 4*h = 2*v + 448, 0*h - 347 = -3*h - 4*v. Let x = -117 + h. Let s be b(x). Calculate the highest common divisor of s and 6.
6
Let d be (-3)/5 - (13006/(-35) + -7). Calculate the highest common divisor of 462 and d.
42
Let b be (-70)/56 + 1/4. Let m(w) = 2*w + 1. Let l be m(b). Let t be (-1)/2*(-37 + l). Calculate the highest common factor of 95 and t.
19
Let w be -1*4 + 225 + -61. What is the highest common divisor of 256 and w?
32
Let z(l) = 14*l**3 - 32*l**2 - 51*l + 358. Let x be z(15). What is the greatest common divisor of x and 29?
29
Suppose 222*d = 212*d + 1850. What is the highest common factor of 4995 and d?
185
Let n be (-12)/240*-17756 - 3/(-15). What is the highest common factor of n and 24?
24
Suppose 69*u = 1234173 - 1008084 + 1501326. What is the greatest common factor of u and 15?
15
Let r(t) = -12*t**2 + 46*t. Let q(h) = -3*h**2 + 11*h. Let y(u) = -18*q(u) + 4*r(u). Let o be y(3). Calculate the greatest common factor of o and 78.
6
Suppose 12 + 0 = 3*s. Suppose 0 = -3*f + s*l - 7*l + 120, 2*l + 52 = f. Calculate the greatest common divisor of 6 and f.
2
Let m(v) = -144*v + 1392. Let a be m(8). Calculate the greatest common factor of a and 7440.
240
Let v be 58/261 + (1 - (-2506)/63). What is the greatest common factor of v and 3649?
41
Let b be -21 + -35 - (4 + 3)*1. Suppose -u = -5 - 4. Let a be 14/b*1 - (-20)/u. Calculate the greatest common divisor of 18 and a.
2
Let f = 411 + -237. Let o = -140 + f. Calculate the greatest common factor of o and 306.
34
Suppose -2*u + 68 = -4*j, 1750 - 1692 = 2*u + j. Suppose 4*m - 5*m + 150 = 0. Calculate the highest common factor of u and m.
30
Suppose -65675 = 1082*l - 1153*l. What is the highest common divisor of l and 74?
37
Let b(f) = 3*f**2 - 21*f + 1065. Let i be b(51). What is the greatest common divisor of i and 138?
69
Let r = 3 + 237. Suppose -5*a = -7*a + r. Let g be a/45*18/2. What is the greatest common factor of g and 12?
12
Suppose -158*s - 37*s + 138840 = 0. Calculate the highest common divisor of 112 and s.
8
Suppose 3806*s = 3833*s - 45360. Calculate the greatest common factor of s and 3045.
105
Let a = -3151 + 19308. What is the highest common factor of a and 151?
151
Suppose 5*a - 57 = 28. Let h = 103 - 74. Let q = 114 - h. Calculate the greatest common factor of q and a.
17
Let d be 1/6*(6 + 141)*10. Let w = d - 213. Calculate the greatest common factor of 48 and w.
16
Let m = -966 - -974. What is the highest common divisor of m and 1384?
8
Let z(f) = -79*f - 120. Let y(x) = -159*x - 240. Let k(b) = -6*y(b) + 13*z(b). Let g be k(-5). Calculate the highest common factor of 98 and g.
49
Let j be (-440)/(-15) - 6/(-9). Let b be 40/(-4)*((-784)/735)/((-2)/(-9)). Calculate the highest common factor of b and j.
6
Suppose -124*o + 4860 = -43*o. What is the highest common divisor of o and 430?
10
Suppose 9*q - 4714 = -43*q + 4178. Let b = -126 - -411. Calculate the highest common divisor of q and b.
57
Let s be 54/10*((-14620)/612 + 25). Suppose l + 94 = 3*l. Let r = l + -29. What is the highest common divisor of r and s?
6
Let b be -23*(0 + -2 + 1). Suppose -50903 = 466*g - 168801. What is the greatest common divisor of b and g?
23
Suppose -57*t = -109*t - 368*t + 308700. What is the highest common divisor of t and 777?
21
Let j(l) = -2*l**2 + 2. Let q be j(2). Let s be 20/12*3 - (5 + 3). Let g be 2/s + (-244)/q. Calculate the highest common divisor of 5 and g.
5
Let f = -633 - -637. Suppose 5*p + 2*n - 168 = -n, 0 = -2*p - 5*n + 52. Calculate the greatest common divisor of p and f.
4
Let h be ((-12)/10)/(372/(-36270)). Calculate the highest common factor of 195 and h.
39
Let a = 3971 - 3937. What is the highest common factor of 4641 and a?
17
Suppose -6*k - 2*l = -10*k + 584, -k + 136 = 2*l. Let c = k - 33. Calculate the highest common factor of 148 and c.
37
Suppose -5*w = -4*x + 2656, 26*w = 4*x + 27*w - 2656. Calculate the highest common factor of 8 and x.
8
Let h be 1/((-2014)/(-183) + 33 + -44). What is the greatest common divisor of h and 22143?
183
Let s be 144 + -3 + (29 - 22). What is the greatest common factor of s and 20?
4
Suppose 3*j - 4*d = -14, 3 = -4*d + d. Let v be 2/j + 194/6. Let x = -577 - -581. What is the highest common divisor of v and x?
4
Suppose -5*o + 13 + 17 = 0. Suppose 2*u = -4*y + 26, 10*u - 4*y + 8 = 6*u. Let z be u/(-2) - (-5 + (-106)/4). What is the greatest common factor of o and z?
6
Let u = -18379 + 21291. Calculate the highest common divisor of u and 952.
56
Let y(g) = -g**2 - 219*g - 7730. Let u be y(-54). Calculate the highest common factor of u and 720.
20
Suppose -f = d - 13125, 0 = 25*f - 30*f + 3*d + 65649. Calculat